pose -w*s + 5*s = -156. Let r = 182 - s. What is the greatest common factor of r and 11?
11
Let m = 1038 - 946. What is the highest common factor of 391 and m?
23
Suppose -5*s - n + 2855 = -27077, -3*s + n = -17956. What is the greatest common factor of 246 and s?
82
Let c be -5 + 491 + -3 + -6. What is the highest common divisor of 36 and c?
9
Let c(f) = f + 6. Let m(b) = -104*b + 69. Let x(o) = 5*c(o) - m(o). Let n be x(3). Calculate the highest common divisor of n and 32.
32
Suppose 37*c - 8680 = -21*c - 190*c. What is the greatest common divisor of c and 1638?
7
Let x = -271 - -286. Suppose 507 + 708 = x*s. Calculate the greatest common divisor of 18 and s.
9
Let z(u) = -399*u + 35. Let a be z(-3). What is the greatest common factor of a and 112?
112
Suppose 5*s - 3*q = 23, -2*q + 30 = -18*s + 26*s. Calculate the highest common divisor of 82 and s.
2
Let x = -1021 + 1046. Suppose -3*i - i + 28 = 0. Let p be (51 - 1)*i/14. What is the greatest common divisor of x and p?
25
Suppose -14*d + 3297 = 3241. What is the greatest common factor of d and 500?
4
Let l = -1013 + 4406. What is the greatest common divisor of l and 116?
29
Let b be 541 + -1 - (1 - -2 - -1). Suppose -2*i - b = -2*y + 2*i, -1028 = -4*y - 3*i. What is the greatest common divisor of y and 40?
20
Let g(y) = y**2 - 24*y + 5. Suppose -6*h + h - 5*i = -125, -3*h + 5*i = -67. Let l be g(h). What is the highest common factor of 85 and l?
5
Suppose -512 = -91*n + 83*n. Calculate the greatest common factor of 64 and n.
64
Suppose -212*n + 105*n = -1926. Calculate the highest common divisor of 6894 and n.
18
Let x(p) = 51*p + 76. Let z be x(-5). Let d = 272 + z. What is the highest common divisor of 3 and d?
3
Let u = -6276 + 7611. Calculate the greatest common divisor of 120 and u.
15
Let l = -456 + 883. Suppose -3*h + 32 = -l. Suppose -5*r + h = -2*r. What is the highest common factor of r and 34?
17
Let j = -26 - -25. Let u = j + 63. Let h = 68 - u. What is the greatest common factor of h and 12?
6
Let n = -8960 - -15616. Calculate the highest common divisor of 624 and n.
208
Let i(b) = -b**2 + 44*b - 186. Let k be i(26). What is the highest common factor of 78 and k?
6
Let o be (-1458)/108*(-6 - -1 - 23). What is the greatest common divisor of o and 119?
7
Suppose 47*c - 2652 = 41*c. Suppose 2*g - c = 98. Calculate the highest common factor of 6 and g.
6
Suppose -18*j - 8 = -20*j. Suppose 4*b + b + 4*l = 185, 117 = j*b - 3*l. Suppose 66 = 4*d - 22. What is the highest common factor of b and d?
11
Let x(p) = -2*p**2 - 2*p - 3. Let s be x(-2). Let w(h) = -25*h + 24 + 34 - 94 + 15. Let a be w(s). What is the highest common factor of a and 14?
14
Let m be (4/5)/((-66)/45) + 118305/605. Suppose -2*g = -5*g + 45. What is the highest common divisor of m and g?
15
Let g = 262 + -238. Let o be 18/(-4)*-10*g/90. Calculate the highest common divisor of o and 228.
12
Suppose 125*t - 385 = 120*t. Suppose 132 = -81*y + 87*y. Calculate the greatest common divisor of y and t.
11
Let t be -1*((-6)/9 + (-2226)/(-18)). Let b = 208 + t. What is the greatest common divisor of b and 17?
17
Let p(r) = 12*r**2 + 2*r + 1558. Let t be p(0). Calculate the greatest common divisor of 304 and t.
38
Let b be (-469 - -470)/(2/120). Calculate the highest common divisor of 2130 and b.
30
Suppose -h + 150 = -31*h. Let n be 8150/4*4/5 + h. Calculate the greatest common factor of n and 13.
13
Let x(f) = 656*f**2 + 478*f. Let w be x(-3). Calculate the greatest common divisor of w and 330.
30
Let i(h) = 198*h - 1149. Let d be i(6). What is the greatest common divisor of d and 1?
1
Let f = 36 - 4. Let u = -481 + 599. Let r = u + -110. What is the highest common divisor of r and f?
8
Suppose 15 = -5*u + 3*g, 3*g + 6 = -4*u + 2*u. Let t be (100/70)/(u/(-21)). What is the greatest common factor of t and 85?
5
Let l = -8580 - -8994. Calculate the highest common factor of 576 and l.
18
Let s = -209 + 210. What is the highest common divisor of 14 and s?
1
Let m(n) = -2*n**2 - 23. Let g be m(-7). Let p = -37 - g. Calculate the highest common factor of p and 12.
12
Suppose 453*p - 1226*p + 380160 = 635*p. Let y = 16 - -14. What is the greatest common factor of p and y?
30
Let s be 5 + 11 + 3 + 181. What is the greatest common divisor of s and 1425?
25
Let n be (299/(13 - 0))/((-1)/(-40)). Calculate the highest common divisor of n and 50.
10
Suppose 3*g - d - 80 = 0, -g + 2*d + 20 = -0*g. Let f(l) = l**3 + 33*l**2 + 278*l + 144. Let k be f(-17). What is the highest common factor of k and g?
14
Suppose 181 - 693 = -16*k. Suppose -k = -9*y + 328. Calculate the greatest common divisor of 40 and y.
40
Suppose 12*v = 5*v + 35. Suppose -v*o - 144 = -9*o. What is the greatest common factor of o and 156?
12
Let p(g) = 4*g**3 - 15*g**2 + 41*g - 12. Let u be p(8). Calculate the greatest common divisor of 378 and u.
54
Suppose -5*g = -2*y - 1412, -439*y + 434*y = 30. What is the highest common factor of g and 15?
5
Suppose -3*b = -2*o + 1214 + 2566, 4*b = 0. Calculate the greatest common divisor of 60 and o.
30
Let w = 4024 + -3975. What is the highest common divisor of 833 and w?
49
Let o = -133 + 221. Suppose 0 = -4*h - 3*h + 56. Suppose 6*j + 32 = h*j. What is the greatest common factor of o and j?
8
Let t = 4905 - 4894. Calculate the greatest common divisor of t and 15301.
11
Let y(c) = -c**2 + 45*c + 1903. Let u be y(-26). Calculate the highest common divisor of u and 9633.
57
Suppose 31*r - 240 = 380. Let u be (1144/(-110))/((-2)/r). What is the greatest common factor of u and 32?
8
Let r(g) = -20*g + 2 - 20 + g + 4. Let a be r(-1). Calculate the highest common factor of a and 205.
5
Suppose -5070*o = -5091*o + 3087. What is the greatest common divisor of o and 21?
21
Let l be 44/594 - 250/(-270). Calculate the greatest common divisor of l and 137.
1
Suppose -882 = 2*x + 4*g, x - 6*x - g = 2232. Let w = -36 + x. Let p = -294 - w. What is the greatest common factor of 21 and p?
21
Suppose -2*q - 3*q + 15 = 0. Suppose -2*l = k - 27, 4*l = 3*k + 41 - 102. What is the greatest common divisor of k and q?
1
Let z = -2196 - -2292. What is the highest common divisor of z and 48?
48
Let k(x) = -14*x + 4. Let r be k(0). Let o be -2 + 1 + -1 + 3. Suppose 48 = 4*v - r*q, v + o = 4*v + 4*q. What is the greatest common factor of 14 and v?
7
Let t be 12*(21/14)/((-3)/(-2)). Suppose -345 = -9*w - t. What is the highest common divisor of 333 and w?
37
Let o be 20/(1*-2)*(-42140)/430. What is the highest common factor of o and 620?
20
Let l be (342/513)/(-1 + 54192/54189). What is the highest common factor of 108 and l?
54
Let c = 3 - 0. Let x = -46270 + 46273. Calculate the greatest common factor of c and x.
3
Suppose a - 395 = -3*w, -7*a - 5*w - 779 = -9*a. Let s = a + -227. Calculate the greatest common factor of 45 and s.
15
Suppose 0*z - 345 = -3*z. Suppose 5*l = -5*a - z, -a = -4*l - 3*a - 82. Let p be (32/6)/(l/9)*-12. What is the highest common divisor of 48 and p?
16
Let z be -1 + 0/(-1) + 52. Let f = 20751 + -20666. What is the greatest common factor of f and z?
17
Let l be (3 - 95/25) + 628/10. Let i = l - 59. Suppose 0 = 5*g + 3*y - 197 - 114, -i*g + 5*y + 207 = 0. What is the greatest common divisor of 4 and g?
4
Let g = -329 - -739. Let f = 490 - g. Calculate the highest common factor of 70 and f.
10
Let t be 7/14*4/(-8)*-40. Calculate the highest common divisor of 90 and t.
10
Let k be 10/(-105) + ((-8234)/(-21) - 2). Calculate the greatest common factor of 585 and k.
195
Suppose 488 = 3*g + g. Let i be 2 + (-2 - -626) + (-5 - -3). Let n be (-1)/((-10)/(-65) - g/i). Calculate the greatest common factor of n and 3.
3
Let o = 443 - 348. Suppose -31*j = -30*j - 57. What is the greatest common divisor of j and o?
19
Suppose 13 = -2*c + c + 5*w, -4*c - 3*w = -17. Let d = 187 + -184. Calculate the greatest common divisor of c and d.
1
Let i be 500/(3 - -2) + -4. Let z be (7/(-4))/((-100)/i - -1). What is the greatest common divisor of 24 and z?
6
Suppose 1260 = 4*q + 5*b, -2*q + 78*b = 82*b - 624. What is the highest common divisor of q and 36?
4
Let j be 16/(0 + 2) + -1. Suppose 0 = -9*k - 90 - 486. Let t be -2*3/(-10) - k/10. Calculate the greatest common divisor of j and t.
7
Let p(b) = 28*b**3 + 5*b**2 + 8*b - 9. Let t be p(3). Calcu